n v is divided by a(-5)?
9
Suppose -8*x + 284 = -4*x. What is the remainder when x is divided by 27*((-13)/3 - -5)?
17
Suppose 0 = -0*q + 2*q - 10. Suppose -2*h + 1 = -q. Suppose -190 = -5*k + 5*s, -s = 4*k - h*s - 148. Calculate the remainder when k is divided by 19.
17
Calculate the remainder when 22 is divided by (2 + -19)*(0 + -1).
5
Suppose -4*n = 3*g - 3 + 15, -2*g + 3*n + 9 = 0. Suppose 80 = -g*o + 2*o. What is the remainder when o is divided by 14?
12
Suppose -2*d + 2 = m, -5*m - 5*d = -2*m - 9. Let n be (-18)/(8/(-8 - -4)). Suppose x = 3, -w = x - n - 16. What is the remainder when w is divided by m?
6
Let n(k) = -6*k - 37. What is the remainder when n(-12) is divided by 8?
3
Let a(y) = 2*y**2 + 3*y + 2. Suppose -9*w + 6*w = -2*s - 388, 4*s + 3*w + 740 = 0. What is the remainder when (-1)/((-2)/s*-2) is divided by a(2)?
15
Suppose 3*b = 133 + 125. What is the remainder when b is divided by 11?
9
Suppose -6*c = 8*c - 364. Calculate the remainder when c is divided by 16.
10
Let j = 181 + 25. What is the remainder when j is divided by 13?
11
Let v = -19 - -48. Suppose 0 = -y + 4 - 0. Suppose 0 = -y*d + 7 + 25. Calculate the remainder when v is divided by d.
5
Let p = 85 - 127. Let h = 87 + p. Calculate the remainder when h is divided by 16.
13
Let p = 280 + -146. What is the remainder when p is divided by 46?
42
Let w be (1 + -4)/(-3) + 7. Suppose -x - 3*s = -84, w*s - 3*s = x - 44. Calculate the remainder when x is divided by 18.
15
Let o = -49 - -76. Let p(d) = d**2 - d + 10. Calculate the remainder when o is divided by p(0).
7
What is the remainder when 19 is divided by (0 + 3 - 2)*7?
5
Let a(q) = q. Suppose 12 = 5*i + 2. Let f = -15 + 22. Calculate the remainder when f is divided by a(i).
1
Suppose 0 = 4*a - 3*a - 8. Suppose a + 2 = 3*u - 5*o, -o = 3*u + 2. Calculate the remainder when 16 is divided by (3 + u)/6*18.
7
Let k = 20 + 0. Calculate the remainder when 72 is divided by k.
12
Suppose -2*p - 5*q - 15 = -7*p, 6 = 2*p - q. Calculate the remainder when 33 is divided by p.
0
Suppose -2*m + 41 = 3*z, -4*z = 35 - 15. What is the remainder when 110 is divided by m?
26
Suppose 0 = f - 4*b - 23, 0*f = -4*f - 4*b + 12. Calculate the remainder when f is divided by 4.
3
Let j(y) = -y**3 + 6*y**2 + 3. What is the remainder when 10 is divided by j(6)?
1
Let k(a) = 4*a**2 + 7*a - 5. Let f(i) = -15*i - 1. What is the remainder when k(2) is divided by f(-1)?
11
Suppose -3*v = r - 6*r - 109, -3*v - r = -97. Let b = v - 16. What is the remainder when 33 is divided by b?
16
What is the remainder when 51 is divided by (-142)/(-8) + 7/28?
15
Let o(m) = m**3 + 10*m**2 + 6*m - 6. What is the remainder when o(-9) is divided by 12?
9
Calculate the remainder when (-1240)/(-56) - (-1)/(-7) is divided by 13.
9
Let f = 31 - 15. Suppose 4*a = 3*a + 6. What is the remainder when f is divided by a?
4
Let m(v) = 3*v**2 - 9*v + 19. Calculate the remainder when m(6) is divided by 15.
13
Suppose 9 = 6*o - 33. Calculate the remainder when 20 is divided by o.
6
Let r = 37 - 21. Let t = r - 9. Suppose -y - t = 4*s, 41 = 3*y - 4*s - 18. Calculate the remainder when y is divided by 7.
6
Let y(i) = i**2 + 6*i + 5. Calculate the remainder when 39 is divided by y(-6).
4
Let s = -3 - -3. Suppose -4*f - 40 = -4*o, -2*o + s*f = 2*f - 4. Let p = 6 - 3. What is the remainder when o is divided by p?
0
Let m(t) be the third derivative of t**6/120 - 7*t**5/60 - 5*t**4/24 - 7*t**3/6 - 3*t**2. Calculate the remainder when 32 is divided by m(8).
15
Let h be (-102)/(-24) + (-1)/4. Suppose -h*k + 32 = 3*y, 20 = 2*y - 0*k + 3*k. What is the remainder when y is divided by 10?
6
Let r(m) = 8*m - 6. What is the remainder when 36 is divided by r(2)?
6
Let r = 4 - -51. Calculate the remainder when r is divided by 17.
4
Suppose 3*o - 5*a - 5 = 1, 2*o - 2*a = 0. Let n = o + 14. Suppose -2*r = 2*r - 128. Calculate the remainder when r is divided by n.
10
Let y(z) = z**2 - z - 1. Suppose 11 = -3*w + 50. What is the remainder when -3 - -1 - (2 - w) is divided by y(3)?
4
Let c(z) = z**2 - 2*z + 2. What is the remainder when c(5) is divided by 9?
8
Suppose 7*q - 504 = -5*q. Calculate the remainder when 250 is divided by q.
40
Let o(j) = 2*j - 3. Let t be o(5). Let b = t - 2. Suppose 0 = 17*k - 38 + 4. Calculate the remainder when b is divided by k.
1
Suppose -2*s + 2*f - 4 = 0, 8 = 6*s - 4*s + f. Suppose s*t - 201 = -t. Calculate the remainder when t is divided by 17.
16
Let p(q) = 4*q**2 - 2*q. Calculate the remainder when p(-5) is divided by 28.
26
Suppose -s - s + 12 = 0. Let m = s - 2. Suppose l + 3 = 9. Calculate the remainder when l is divided by m.
2
Let r be 7/1 - (-3)/(-1). What is the remainder when 193/5 + r/10 is divided by 14?
11
Let d be 16/10*(-75)/(-30). Suppose 6 = 5*t - d. Calculate the remainder when 6/((-1 - 0)*-1) is divided by t.
0
Suppose 2*h = h - 6. Let f(q) = -2*q**2 + 10*q. Let k(v) = v**2 - v - 1. Let j(y) = -f(y) - 3*k(y). Calculate the remainder when 16 is divided by j(h).
7
Calculate the remainder when 45 is divided by 9 + 6/5*(-20)/(-8).
9
Suppose 5*n = -3*k + 63, 5*k + 1 = -n + k. Suppose 200 = -7*m + 501. What is the remainder when m is divided by n?
13
Let i(z) = -11*z**3 - 5*z**2 + 7*z + 5. Calculate the remainder when i(-3) is divided by 14.
12
What is the remainder when 154 is divided by (78*(-6)/(-12))/(-1 - -2)?
37
Let t = -26 + 34. What is the remainder when 17 is divided by t?
1
Suppose -u - 4*l + 23 = 3, 12 = 3*l. Suppose -366*d - 44 = -370*d. What is the remainder when d is divided by u?
3
Let t = 1 - -1. Suppose 2 = 2*z - t. Suppose a + z*a - 2*c - 13 = 0, -4*a = 3*c - 40. Calculate the remainder when a is divided by 4.
3
Let q = -14 - -20. What is the remainder when (q/(-6))/((-2)/18) is divided by 6?
3
Let k(a) = -a. Calculate the remainder when 99/6 + (-2)/(-4) is divided by k(-9).
8
Let i(d) = -10*d**2 + 4*d - 1 + 3*d + d**3 + 5. Let k be i(9). Let u = -10 - k. What is the remainder when 7 is divided by u?
3
Suppose 0 = p + l - 6*l - 38, -3*l = 3*p - 42. Suppose -v = v - p. Let h = v + 2. What is the remainder when 32 is divided by h?
10
Suppose 4*b + 2*t - 10 = 0, -2*b - 4 = 5*t + 3. Suppose b*x - 8*x = -60. Calculate the remainder when 27 is divided by x.
12
Let j(l) = l**2 - 9*l + 8. Let o be j(7). Calculate the remainder when 10 is divided by 6/((-3)/9*o).
1
Suppose -2*t = -3*t + 4*r + 18, -2*r = -6. Calculate the remainder when t is divided by 11.
8
Suppose 3*i = -0*i. Let u = i + 2. Suppose -7 = -d + u. What is the remainder when d is divided by 5?
4
Let z(x) = -3*x - 29. What is the remainder when z(-18) is divided by 13?
12
Let h = 3 - -2. Suppose h*o - 105 = -0*o. What is the remainder when o is divided by 12?
9
Let f(i) = -i**3 + 7*i**2 + 5*i - 10. Calculate the remainder when 199 is divided by f(7).
24
Suppose 5*c + s = 70, c - 35 = -4*s - 2. Let p = 12 + -7. What is the remainder when c is divided by p?
3
Suppose -y = -4*w + 23, -w + 5*y = -0 - 1. What is the remainder when 59 is divided by 40/w*(1 - -2)?
19
Let h(s) = s**2 + 5*s - 11. Let m = 15 + -23. What is the remainder when h(m) is divided by 8?
5
Let o = -16 + 8. What is the remainder when (-174)/9*12/o is divided by 16?
13
Suppose 64 = -4*t + 216. What is the remainder when 112 is divided by t?
36
Let f = 211 - 66. Let m be 0 + 1 - 2/2. Suppose -2*x - 3*x + f = m. Calculate the remainder when x is divided by 10.
9
Suppose 4*n - n - 36 = 0. Let h = n + -6. What is the remainder when 248/h + (-2)/6 is divided by 11?
8
Let z be 1/((3 - 5)/18). Calculate the remainder when ((-282)/z)/((-2)/(-3)) is divided by 16.
15
Suppose -4 = -g + 5*g. Let i be (-5 + 6)/(g/(-6)). Suppose -2*u + i*u = -5*q + 51, 0 = -3*u - 3. Calculate the remainder when 32 is divided by q.
10
Suppose 51 = 2*r - 79. What is the remainder when r is divided by 14?
9
Let j(r) = -r + 34. What is the remainder when 53 is divided by j(16)?
17
Let v(a) = a**2 + 4*a - 9. Calculate the remainder when v(-8) is divided by 7.
2
Let a = -4 + 11. Suppose -4*w + 16 = 0, v - 3*w = 2*v - a. Let n = v - -7. What is the remainder when 5 is divided by n?
1
Suppose 0 = -g - 5 + 8. Calculate the remainder when 10 is divided by g.
1
Let k(x) = x**3 + 5*x**2 - 2*x + 6. Calculate the remainder when k(-5) is divided by 10.
6
Let o(u)